{"id":170,"date":"2025-04-23T13:24:22","date_gmt":"2025-04-23T13:24:22","guid":{"rendered":"https:\/\/mrental.regnic.web.tr\/?page_id=170"},"modified":"2025-04-24T14:08:20","modified_gmt":"2025-04-24T11:08:20","slug":"hakkimizda","status":"publish","type":"page","link":"https:\/\/mrental.regnic.web.tr\/?page_id=170","title":{"rendered":"Hakk\u0131m\u0131zda"},"content":{"rendered":"\t\t<div data-elementor-type=\"wp-page\" data-elementor-id=\"170\" class=\"elementor elementor-170\" data-elementor-post-type=\"page\">\n\t\t\t\t<div class=\"elementor-element elementor-element-4d7d5ca6 e-flex e-con-boxed e-con e-parent\" data-id=\"4d7d5ca6\" data-element_type=\"container\" data-settings=\"{&quot;background_background&quot;:&quot;classic&quot;}\">\n\t\t\t\t\t<div class=\"e-con-inner\">\n\t\t<div class=\"elementor-element elementor-element-2bf95e49 e-con-full e-flex e-con e-child\" data-id=\"2bf95e49\" data-element_type=\"container\" data-settings=\"{&quot;background_background&quot;:&quot;classic&quot;}\">\n\t\t\t\t<div class=\"elementor-element elementor-element-569c10ad elementor-widget elementor-widget-heading\" data-id=\"569c10ad\" data-element_type=\"widget\" data-widget_type=\"heading.default\">\n\t\t\t\t<div class=\"elementor-widget-container\">\n\t\t\t\t\t<h2 class=\"elementor-heading-title elementor-size-default\">Her Yolculuk \u0130\u00e7in Kapsaml\u0131 Ara\u00e7 Kiralama \u00c7\u00f6z\u00fcmleri<\/h2>\t\t\t\t<\/div>\n\t\t\t\t<\/div>\n\t\t\t\t<div class=\"elementor-element elementor-element-3820aeff elementor-widget elementor-widget-text-editor\" data-id=\"3820aeff\" data-element_type=\"widget\" data-widget_type=\"text-editor.default\">\n\t\t\t\t<div class=\"elementor-widget-container\">\n\t\t\t\t\t\t\t\t\t<p>Aptent id pretium penatibus maximus non sem torquent habitant eu tempor magnis mollis potenti curae dis libero lorem nascetur dictum rutrum ridiculus nunc<\/p>\t\t\t\t\t\t\t\t<\/div>\n\t\t\t\t<\/div>\n\t\t\t\t<div class=\"elementor-element elementor-element-15772e7 elementor-widget elementor-widget-elementskit-progressbar\" data-id=\"15772e7\" data-element_type=\"widget\" data-widget_type=\"elementskit-progressbar.default\">\n\t\t\t\t<div class=\"elementor-widget-container\">\n\t\t\t\t\t<div class=\"ekit-wid-con\" >        <div class=\"waypoint-tigger\">\n            <div class=\"skillbar-group tooltip-style2\" data-progress-bar=\"\">\n                <div class=\"single-skill-bar\">\n                                            <div class=\"skill-bar-content\">\n                            <span class=\"skill-title\">Deneyim ve Uzmanl\u0131k<\/span>\n                        <\/div><!-- .skill-bar-content END -->\n                        <div class=\"skill-bar\">\n                            <div class=\"skill-track\">\n                                \n                                <div class=\"number-percentage-wraper\">\n                                    <span class=\"number-percentage\" data-value=\"90\" data-animation-duration=\"2500\">0<\/span>%\n\n                                                                    <\/div>\n                            <\/div>\n                        <\/div><!-- .skill-bar END -->\n                                    <\/div><!-- .single-skill-bar END -->\n            <\/div><!-- .skillbar-group END -->\n        <\/div>\n        <\/div>\t\t\t\t<\/div>\n\t\t\t\t<\/div>\n\t\t\t\t<div class=\"elementor-element elementor-element-b8df9d4 elementor-widget elementor-widget-elementskit-progressbar\" data-id=\"b8df9d4\" data-element_type=\"widget\" data-widget_type=\"elementskit-progressbar.default\">\n\t\t\t\t<div class=\"elementor-widget-container\">\n\t\t\t\t\t<div class=\"ekit-wid-con\" >        <div class=\"waypoint-tigger\">\n            <div class=\"skillbar-group tooltip-style2\" data-progress-bar=\"\">\n                <div class=\"single-skill-bar\">\n                                            <div class=\"skill-bar-content\">\n                            <span class=\"skill-title\">M\u00fc\u015fteri Odakl\u0131 Yakla\u015f\u0131m<\/span>\n                        <\/div><!-- .skill-bar-content END -->\n                        <div class=\"skill-bar\">\n                            <div class=\"skill-track\">\n                                \n                                <div class=\"number-percentage-wraper\">\n                                    <span class=\"number-percentage\" data-value=\"85\" data-animation-duration=\"2500\">0<\/span>%\n\n                                                                    <\/div>\n                            <\/div>\n                        <\/div><!-- .skill-bar END -->\n                                    <\/div><!-- .single-skill-bar END -->\n            <\/div><!-- .skillbar-group END -->\n        <\/div>\n        <\/div>\t\t\t\t<\/div>\n\t\t\t\t<\/div>\n\t\t\t\t<div class=\"elementor-element elementor-element-452366e elementor-widget elementor-widget-elementskit-progressbar\" data-id=\"452366e\" data-element_type=\"widget\" data-widget_type=\"elementskit-progressbar.default\">\n\t\t\t\t<div class=\"elementor-widget-container\">\n\t\t\t\t\t<div class=\"ekit-wid-con\" >        <div class=\"waypoint-tigger\">\n            <div class=\"skillbar-group tooltip-style2\" data-progress-bar=\"\">\n                <div class=\"single-skill-bar\">\n                                            <div class=\"skill-bar-content\">\n                            <span class=\"skill-title\">Yenilik\u00e7i ve Esnek \u00c7\u00f6z\u00fcmler<\/span>\n                        <\/div><!-- .skill-bar-content END -->\n                        <div class=\"skill-bar\">\n                            <div class=\"skill-track\">\n                                \n                                <div class=\"number-percentage-wraper\">\n                                    <span class=\"number-percentage\" data-value=\"95\" data-animation-duration=\"2500\">0<\/span>%\n\n                                                                    <\/div>\n                            <\/div>\n                        <\/div><!-- .skill-bar END -->\n                                    <\/div><!-- .single-skill-bar END -->\n            <\/div><!-- .skillbar-group END -->\n        <\/div>\n        <\/div>\t\t\t\t<\/div>\n\t\t\t\t<\/div>\n\t\t\t\t<\/div>\n\t\t<div class=\"elementor-element elementor-element-3066210 e-con-full e-flex e-con e-child\" data-id=\"3066210\" data-element_type=\"container\" data-settings=\"{&quot;background_background&quot;:&quot;classic&quot;}\">\n\t\t\t\t<div class=\"elementor-element elementor-element-2de3f17 elementor-widget elementor-widget-heading\" data-id=\"2de3f17\" data-element_type=\"widget\" data-widget_type=\"heading.default\">\n\t\t\t\t<div class=\"elementor-widget-container\">\n\t\t\t\t\t<h6 class=\"elementor-heading-title elementor-size-default\">Biz Kimiz <\/h6>\t\t\t\t<\/div>\n\t\t\t\t<\/div>\n\t\t\t\t<div class=\"elementor-element elementor-element-c0dde04 elementor-widget elementor-widget-text-editor\" data-id=\"c0dde04\" data-element_type=\"widget\" data-widget_type=\"text-editor.default\">\n\t\t\t\t<div class=\"elementor-widget-container\">\n\t\t\t\t\t\t\t\t\t<p class=\"\" data-start=\"296\" data-end=\"617\"><span style=\"color: #808080;\"><strong data-start=\"296\" data-end=\"319\">Modern Oto Kiralama<\/strong>, yurt i\u00e7i ve yurt d\u0131\u015f\u0131ndan gelen de\u011ferli misafirlerimize kaliteli, g\u00fcvenilir ve konforlu bir ara\u00e7 kiralama deneyimi sunmak amac\u0131yla kurulmu\u015ftur. Geni\u015f ara\u00e7 filosunda ekonomik s\u0131n\u0131ftan l\u00fcks segmentlere, SUV ve VIP ara\u00e7lara kadar bir\u00e7ok se\u00e7enek sunarak her ihtiyaca hitap eden \u00e7\u00f6z\u00fcmler \u00fcretmektedir.<\/span><\/p>\n<p class=\"\" data-start=\"619\" data-end=\"903\"><span style=\"color: #808080;\">Profesyonel ve deneyimli ekibimiz, \u00f6zellikle havaliman\u0131 teslimat ve kar\u015f\u0131lama hizmetlerinde fark yaratmaktad\u0131r. \u0130stanbul ba\u015fta olmak \u00fczere T\u00fcrkiye genelinde, havalimanlar\u0131na \u00fccretsiz ara\u00e7 teslimi ve al\u0131m\u0131 yaparak m\u00fc\u015fterilerimizin seyahatlerini daha pratik ve keyifli hale getiriyoruz.<\/span><\/p>\n<p class=\"\" data-start=\"905\" data-end=\"1210\"><span style=\"color: #808080;\">Sadece ara\u00e7 kiralamakla kalm\u0131yor; ayn\u0131 zamanda tecr\u00fcbeli \u015fof\u00f6rlerimizle birlikte g\u00fcvenli ve konforlu transfer hizmetleri de sunuyoruz. Modern Oto Kiralama, 7\/24 ula\u015f\u0131labilir m\u00fc\u015fteri hizmetleriyle her an yan\u0131n\u0131zda olmay\u0131 ilke edinmi\u015f, m\u00fc\u015fteri memnuniyetini \u00f6n planda tutan bir anlay\u0131\u015fla hizmet vermektedir.<\/span><\/p>\n<p data-start=\"1212\" data-end=\"1392\">\u00a0<\/p>\n<p class=\"\" data-start=\"1212\" data-end=\"1392\"><span style=\"color: #808080;\">Detayl\u0131 bilgi almak ve rezervasyon yapmak i\u00e7in <a class=\"\" style=\"color: #808080;\" href=\"#\" rel=\"noopener\" data-start=\"1259\" data-end=\"1284\">Rezervasyon Sayfam\u0131z<\/a> \u00fczerinden ara\u00e7lar\u0131m\u0131z\u0131 inceleyebilir ya da <strong data-start=\"1328\" data-end=\"1349\">+90 544 285 44 23<\/strong> numaral\u0131 hatt\u0131m\u0131zdan bize ula\u015fabilirsiniz.<\/span><\/p>\t\t\t\t\t\t\t\t<\/div>\n\t\t\t\t<\/div>\n\t\t\t\t<\/div>\n\t\t\t\t\t<\/div>\n\t\t\t\t<\/div>\n\t\t\t\t<\/div>\n\t\t","protected":false},"excerpt":{"rendered":"<p>Her Yolculuk \u0130\u00e7in Kapsaml\u0131 Ara\u00e7 Kiralama \u00c7\u00f6z\u00fcmleri Aptent id pretium penatibus maximus non sem torquent habitant eu tempor magnis mollis potenti curae dis libero lorem nascetur dictum rutrum ridiculus nunc Deneyim ve Uzmanl\u0131k 0% M\u00fc\u015fteri Odakl\u0131 Yakla\u015f\u0131m 0% Yenilik\u00e7i ve Esnek \u00c7\u00f6z\u00fcmler 0% Biz Kimiz Modern Oto Kiralama, yurt i\u00e7i ve yurt d\u0131\u015f\u0131ndan gelen de\u011ferli [&hellip;]<\/p>\n","protected":false},"author":1,"featured_media":0,"parent":0,"menu_order":0,"comment_status":"closed","ping_status":"closed","template":"elementor_header_footer","meta":{"footnotes":""},"class_list":["post-170","page","type-page","status-publish","hentry"],"_links":{"self":[{"href":"https:\/\/mrental.regnic.web.tr\/index.php?rest_route=\/wp\/v2\/pages\/170","targetHints":{"allow":["GET"]}}],"collection":[{"href":"https:\/\/mrental.regnic.web.tr\/index.php?rest_route=\/wp\/v2\/pages"}],"about":[{"href":"https:\/\/mrental.regnic.web.tr\/index.php?rest_route=\/wp\/v2\/types\/page"}],"author":[{"embeddable":true,"href":"https:\/\/mrental.regnic.web.tr\/index.php?rest_route=\/wp\/v2\/users\/1"}],"replies":[{"embeddable":true,"href":"https:\/\/mrental.regnic.web.tr\/index.php?rest_route=%2Fwp%2Fv2%2Fcomments&post=170"}],"version-history":[{"count":8,"href":"https:\/\/mrental.regnic.web.tr\/index.php?rest_route=\/wp\/v2\/pages\/170\/revisions"}],"predecessor-version":[{"id":250,"href":"https:\/\/mrental.regnic.web.tr\/index.php?rest_route=\/wp\/v2\/pages\/170\/revisions\/250"}],"wp:attachment":[{"href":"https:\/\/mrental.regnic.web.tr\/index.php?rest_route=%2Fwp%2Fv2%2Fmedia&parent=170"}],"curies":[{"name":"wp","href":"https:\/\/api.w.org\/{rel}","templated":true}]}}